035 = -3*t + 8730. Does 48 divide f?
True
Let s(r) = -r**3 - 3*r**2 + 6*r. Let a be s(4). Let i = -61 - a. Is (2 + 1)/3*i a multiple of 9?
True
Let g(s) = 900*s**2 + 3*s + 3. Is 37 a factor of g(-1)?
False
Suppose 29414 = 36*t - 1906. Is t a multiple of 72?
False
Suppose -2*s - 4*l = -948, 27*s - 25*s - 3*l - 962 = 0. Is 57 a factor of s?
False
Suppose 0 = 2*h - 5*o - 363, -8*o + 6 = -2*o. Is 8 a factor of h?
True
Suppose 0 = -30*h + 12463 + 1967. Is h a multiple of 13?
True
Let b(x) = -36*x**3 - 2*x**2 + 16*x + 38. Is 13 a factor of b(-3)?
False
Let p be (-1)/1 + 1872 + -1 + 2. Suppose 0 = 39*k - 47*k + p. Is 26 a factor of k?
True
Suppose 0 = -5*s - v - 1441, -v + 1437 = -5*s + 2*v. Let q = -28 - s. Suppose 176 = 4*p + 4*g, -g - q = -5*p + 4*g. Does 16 divide p?
True
Let c(h) be the second derivative of -12*h**5/5 + h**4/6 + h**3/3 + h**2/2 - 8*h. Does 21 divide c(-1)?
False
Let d(f) = f**2 + 2*f - 12. Let p be d(-6). Suppose -p*w + 20 = -8*w. Suppose -3*j = -5*z - 6*j + 88, -4*z + 100 = -w*j. Is z a multiple of 7?
False
Let x = 692 + -62. Does 30 divide x?
True
Suppose i = 3*i - 4*a - 18, -4*i = -5*a - 27. Is (294/27*i)/(10/45) a multiple of 7?
True
Suppose 4 = -12*w + 14*w. Suppose 0 = 2*v - 0*v + w. Is (-112 - 2 - -2)*v a multiple of 24?
False
Let j(f) = f**2 - 5*f + 2. Let o be j(-6). Suppose -17*b = -5*b + 540. Let g = b + o. Does 8 divide g?
False
Let j = 302 + -214. Suppose 2*n + j = 4*n. Is n a multiple of 13?
False
Suppose -3*y - 5*z + 22 = 0, -2*z + 4*z + 16 = 5*y. Suppose 160 = x + y*x. Is 15 a factor of x?
False
Suppose -6023 = -23*g + 1751. Is 13 a factor of g?
True
Does 111 divide 666/(-4)*4750/(-285)?
True
Suppose 2*x + 12 = -5*k + 40, -8 = 2*x - 4*k. Suppose i = -x*i. Suppose 2*m - 50 - 62 = i. Is 8 a factor of m?
True
Let s be (-6)/(-4)*16/12. Suppose -2*p = -p + s. Is 7 a factor of p/8 - (-145)/20?
True
Let f = -1629 + 2524. Is f a multiple of 71?
False
Suppose -13*y = -32*y + 10640. Is 56 a factor of y?
True
Suppose 627 = 73*n - 76*n. Is 5 a factor of n/(-22) - 1/(4/6)?
False
Suppose -2*o = 5*i - 3849, -o + 387 + 1560 = -5*i. Is 42 a factor of o?
True
Suppose 0 = 25*y - 39*y + 2534. Does 14 divide y?
False
Suppose 0 = -12*r + 534 + 1626. Is r a multiple of 36?
True
Let c be 1 - (218/(-9) + (-10)/(-45)). Suppose 0 = 2*i - 5*b - 13, 4*i - 3*b - c - 8 = 0. Does 2 divide i?
False
Suppose -84 - 2 = -2*f. Suppose 0 = -0*q + q - f. Does 17 divide q?
False
Suppose -7*y = -11*y + 3256. Is y a multiple of 67?
False
Let p = 23 + -30. Let v be (0 + -1)*(p - -4). Suppose 0*w = v*w - 192. Does 32 divide w?
True
Let j(s) = -2*s**3 - 2*s**2 - 4*s - 7. Let k(f) = f**2 + 6*f - 9. Let x be k(-7). Is j(x) a multiple of 8?
False
Suppose -868*a - 11088 = -874*a. Does 22 divide a?
True
Suppose 0 = -j - c - 52 - 2, 278 = -5*j - c. Let r = -42 - j. Is r a multiple of 14?
True
Suppose -2*w = 2*v - 96, 3*v + 0*v = -w + 56. Suppose 52 + w = 4*h. Suppose -h + 4 = -c. Is c a multiple of 5?
True
Let r = -1202 - -1559. Is r a multiple of 21?
True
Suppose 5*w - 2*w + 730 = -2*r, -4*w + 3*r - 979 = 0. Let a = 434 + w. Suppose -4*h = -2*l - a, 3*l + 173 = 4*h - 12. Is 25 a factor of h?
True
Let w = 44 + -39. Suppose 0 = -5*p + 2*x + 102 + 61, -w*p = 2*x - 167. Is p a multiple of 29?
False
Suppose 0 = 2*x, -4*x + 3*x = -5*g + 10. Suppose 5*h - 38 = 3*h + 4*w, -33 = -3*h - g*w. Does 13 divide h?
True
Suppose 0 = 2*h - 1377 - 873. Suppose 5*v - h = -280. Is v a multiple of 43?
False
Let w be (-4 - (-6)/3) + 86. Suppose -4*c + c = -w. Is 24 a factor of c?
False
Suppose -2*k + 0*u - 9 = 5*u, 2*k - 21 = 5*u. Suppose -2*l = -3*r + 10, -l - 5 = -k*r - r. Suppose 0*j + 3*o = 3*j - 147, r = 5*o - 5. Does 10 divide j?
True
Suppose -2*w - k = -7, 0*k - k + 6 = w. Is 8 a factor of (-5 - -3) + (29 - (w + 2))?
True
Suppose -7*o + 10195 = 3475. Does 24 divide o?
True
Let a be (-536)/18 - (-2)/(-9). Let m = 132 - 120. Is 18 a factor of 152/5 + m/a?
False
Let p(r) = -4 - 3*r - 4 - 4. Let s be p(-8). Is s/16 - 346/(-8) a multiple of 11?
True
Suppose -3*m + 246 = -0*m + 3*o, 4*o = -20. Suppose -5*c - 3*k = -435, -c + 3*k = 7*k - m. Does 8 divide c?
False
Does 23 divide -171*3/(5 - 8)?
False
Suppose -43*b + 37947 = -4*b. Is 7 a factor of b?
True
Suppose -662 = -21*s + 1816. Does 4 divide s?
False
Let m(r) = r**3 - r**2 - 5*r + 5. Suppose 0 = -4*v + 11 + 1. Does 8 divide m(v)?
True
Suppose s = -2*v + 5*v - 10, -s = 2*v. Suppose z + 4*j = 82, -3*z + 2*j = v*z - 432. Let d = 146 - z. Is d a multiple of 10?
True
Suppose -4 = 3*g - 5*g. Suppose -21 = -g*t + 19. Is 4 a factor of t?
True
Suppose 1056 = 4*m + 620. Does 25 divide m?
False
Let q(u) = -28*u**3 - 5*u**2 + 21. Is q(-3) a multiple of 31?
False
Let q(m) = -19*m - 14. Let s be q(-5). Suppose -5 = -2*z + 1. Suppose 0 = 3*w - z*b - s, 2*w + b = -b + 54. Is w a multiple of 11?
False
Is (3 + -5)*7/((-56)/20) a multiple of 5?
True
Let m be (22/3)/(12/(-18)). Let a(b) = -5*b + 16. Let r be a(m). Suppose -4*p + r + 233 = 0. Does 16 divide p?
False
Let n be 1986/8 + 1/(-4). Suppose 240 = 8*x - n. Is x a multiple of 12?
False
Let o(w) = 2. Let b(d) = -4*d + 26. Let y(a) = 2*b(a) - 36*o(a). Let h be y(-8). Suppose -f + h = -8. Is 32 a factor of f?
False
Suppose -302*d + 2*r + 2370 = -300*d, -4*d + 4767 = 5*r. Does 12 divide d?
True
Suppose 10*w + 15 = 15*w. Suppose -4*l + n + 68 = 0, 28 = 3*l + 2*n + w*n. Is l a multiple of 6?
False
Suppose -3*l = l - 2*y - 256, 5*l = -5*y + 320. Let c(r) = -23*r - 3. Let p be c(-5). Suppose -p = -2*q + 2*i, q + 5*i = 2*i + l. Does 32 divide q?
False
Let n(c) = -35*c - 68. Let u(i) = -i**2 - 10*i - 31. Let z be u(-5). Is n(z) a multiple of 8?
False
Let x be (-69)/(-9) - (-8)/24. Suppose -f - x*f = 0. Suppose -3*v - 24 + 84 = f. Is 10 a factor of v?
True
Suppose 5*d = -4 - 6. Let n(h) = 17*h**2 - h + 3. Let z be n(d). Suppose -47 - z = -2*i. Does 15 divide i?
True
Suppose -4*u + r + 60 = 0, -6*r = -r. Suppose -u = -4*g - 11. Let c(m) = 43*m - 1. Is 14 a factor of c(g)?
True
Suppose -2*q + 0*q - t + 5 = 0, 3 = -t. Suppose b = -i + 14, 11 = -q*i + 3*b + 74. Suppose -29 = -5*m - f, 2*f = -5*m + i + 18. Is m a multiple of 4?
False
Is -3442*4/(-18) - 56/(-504) a multiple of 85?
True
Suppose 3*x = 3, -42*v + 5*x - 2020 = -47*v. Is v a multiple of 19?
False
Suppose -5*u = -i + 34 - 10, 16 = 5*i + u. Let w be (-4)/8 - (-186)/i. Suppose -4*f + w = 2. Is f a multiple of 6?
False
Suppose -4*j + 5*z + 11589 = 0, 3*j - 7457 - 1227 = -4*z. Is 18 a factor of j?
False
Suppose -3*t - 4*r + 299 = 0, -3*t + 5*r + 307 = 7*r. Is 7 a factor of t?
True
Suppose -4*c = 3*z - 7256, -3*z = -3*c + z + 5467. Is 87 a factor of c?
False
Let x(b) be the third derivative of -1/120*b**6 - 6*b**2 + 1/12*b**4 + 0*b - 1/2*b**3 + 1/20*b**5 + 0. Is 3 a factor of x(3)?
True
Suppose -3*r + 2171 = -4*i, 3*r = 3*i - 120 + 2286. Is 47 a factor of r?
False
Suppose -4*i + 5*x = -682 - 256, -4*i + x = -946. Is 3 a factor of i?
True
Let v(k) = k**2 - 17*k - 174. Does 28 divide v(40)?
False
Let m(g) be the third derivative of -7*g**5/15 + g**4/24 - 7*g**2. Let v be m(2). Does 13 divide (0 + 9)/((-33)/v)?
False
Suppose -2*c + d + 4414 = 0, 11050 = 4*c + c + 5*d. Does 10 divide 4/(-10) - c/(-20)?
True
Let q be (0 + 2)/(24/(-444)). Let b = q + 77. Is 8 a factor of b?
True
Suppose -614 = -4*c + c - 5*r, -3*c - 2*r = -602. Does 9 divide c?
True
Let i(t) be the third derivative of -5*t**4/8 + t**3/3 + 6*t**2. Is i(-2) a multiple of 3?
False
Let d be 3*(11/3 + -3). Suppose 56 = d*m + 8. Does 19 divide (m/16)/((-3)/(-68))?
False
Suppose -3*u + 1829 = 2*g - 3024, 6464 = 4*u - 4*g. Does 11 divide u?
True
Let n(b) = 7*b - 8. Let o be n(6). Suppose -u + o = -8. Is 42 a factor of u?
True
Suppose n - 116 = -3*n. Let s = 190 - n. Let r = s - 63. Is 14 a factor of r?
True
Let t be 70/28*(-8)/(-10). Suppose 6 = t*b + 2. Suppose 2 = z + b*v, -4*z = -3*z - 4*v - 2. Is 2 a factor of z?
True
Let d = -1253 + 1357. Does 13 divide d?
True
Let x = 31 + 62. Let i = x - 65. Is i a multiple of 11?
False
Suppose -u - h + 17 = 2*u, 2*u - h - 3 = 0. Suppose -10*w - 20 = -6*w, 426 = u*a - 2*w. Is a a multiple of 7?
False
Suppose -w - 2*g = -g - 1, 7 = -w - 3*g. Let i(u) = -4 + 12*u**2 - 4*u**2 - 6*u - 6*u**2. Does 4 divide i(w)?
True
Let l(c) = -12 + 11*c**2 + 6*c**2 + 12*c**2 +